3, 59
Let d(v) = v**2 + 2*v + 9. Let g = 27 + -30. Let p be g*((-4)/(-1) + -2). What are the prime factors of d(p)?
3, 11
Suppose -39 - 6 = -3*s. Let a be ((-6)/s - (-33)/45)*0. Suppose 7*k - 2*k - 710 = a. List the prime factors of k.
2, 71
Let x = -22 + 25. Suppose -3*y - 11 = -w, -3*w - 2*w = 2*y - 21. Suppose -452 = -w*t + b + x*b, 94 = t - 2*b. What are the prime factors of t?
2, 11
Let c(v) be the first derivative of 12*v**2 + 40*v + 61. What are the prime factors of c(12)?
2, 41
Let p(i) = 1209*i**2 - 57*i - 198. What are the prime factors of p(-4)?
2, 3, 3229
Suppose 5*p = 4*w - 52, 4*p + w = -p - 62. Let x(i) = -i**3 - 12*i**2 - 5*i. Let q be x(p). Suppose -q = -3*v - 30. What are the prime factors of v?
2, 5
Suppose 3*x = 2*v + 254, -5*x = 4*v + 328 + 158. Let d = v - -127. List the prime factors of d.
3
Let j = 25348 - 25347. Let r(v) = 5 - 2*v + 61*v**2 + 2 - 5. What are the prime factors of r(j)?
61
What are the prime factors of 56/24*(-248406)/(-133)?
2, 2179
Suppose -2941409 = 59*b - 208*b. List the prime factors of b.
19, 1039
What are the prime factors of ((-426)/24)/((-4)/9840) + 6?
3, 14557
Suppose z + 0*m = 3*m + 19, 0 = -z - 3*m + 13. Let t = -9 + z. Suppose -t*a = -87 - 53. What are the prime factors of a?
2, 5
Let r be ((-44)/(-10))/11 - (-9226)/10. Suppose -3*p = -52 - r. List the prime factors of p.
5, 13
Suppose 5*d - 39462 = 2*m, 767*m - 771*m + 7866 = d. List the prime factors of d.
2, 3, 5, 263
Let z(r) = 780*r - 14136. What are the prime factors of z(62)?
2, 3, 23, 31
Let o(x) be the third derivative of -17*x**4/24 + 59*x**3/2 + 3*x**2 - 8*x. What are the prime factors of o(10)?
7
Let k(j) = 230*j + 168. Let s be k(7). Suppose -4*l + s = -1018. List the prime factors of l.
3, 233
Let i(l) = 15*l**2 - 1141*l + 83. What are the prime factors of i(97)?
7, 4363
Let x = 28435 - -29114. What are the prime factors of x?
3, 19183
Let b = -104 + 74. Let y be (b/(-40))/((-2)/(-8)*1). Suppose -34 = -2*x + 4*k + 198, y*x - 341 = -k. What are the prime factors of x?
2, 3, 19
List the prime factors of 5/3*20/100*83568 - 2.
2, 19, 733
Let g be 1*2 - 33/(-33). What are the prime factors of g*(-1195)/(-15) + 1?
2, 3, 5
Suppose 5*t - 31021 = 32*i - 34*i, 4*i = -2*t + 12418. What are the prime factors of t?
6203
Let q = -11 - -16. Suppose g + 3*r - 5*r - 5 = 0, q*g + 5*r - 10 = 0. Suppose h + g*i + i = 131, 3*h - 363 = 3*i. List the prime factors of h.
3, 41
Let g = -11 + 15. Let d be 12/3*(3 + -6 + g). What are the prime factors of -633*d/(-12)*1?
211
Suppose 5*l = 5*o - 82780, 4*l = -4*o + 49958 + 16202. List the prime factors of o.
2, 3, 7, 197
Suppose 3*t - 5*a + 914 + 1080 = 0, -4*a + 4 = 0. Let b = -309 - t. List the prime factors of b.
2, 3, 59
Let t(s) = s**3 - s**2 - 13*s + 2240. What are the prime factors of t(0)?
2, 5, 7
Suppose 591*g = 586*g - 10. Suppose -2*i = 4*z + 12, -z = -2*i - 12 - 5. What are the prime factors of i/g - (207/(-1) - -8)?
7, 29
Suppose -3*x - 251884 = -6*a - x, 5*a - 209870 = -5*x. List the prime factors of a.
3, 7, 1999
Let k be ((-12)/(-9))/(4/9). Suppose -699 = -5*g - y, k*g - 2*y + 90 - 512 = 0. List the prime factors of g.
2, 5, 7
Let j = -45053 + 66033. List the prime factors of j.
2, 5, 1049
List the prime factors of (832 + -2 - -7)/((-1)/(-1 + 0)).
3, 31
What are the prime factors of ((-25)/140)/((-2)/38072)*7?
5, 4759
Let y(z) = -z**3 + 3*z**2 - 3*z - 47. Suppose 21*b + 42 = 14*b. List the prime factors of y(b).
5, 59
Let b = 32 + -28. Suppose 4*q = a + 29, -3*q + 44 = q + b*a. List the prime factors of 1648/11 + 1 + q/44.
151
Let w be (-40)/(-6)*(-3)/(-8)*2. What are the prime factors of (77/(-21) + w)*921/2?
2, 307
Let i = 170 - 102. Suppose 0 = -i*q + 71*q - 60. List the prime factors of (4/(q/(-105)))/((-3)/4).
2, 7
Suppose 133 + 83 = -9*v. Let y(d) = -d**3 - 25*d**2 - 33*d - 50. What are the prime factors of y(v)?
2, 83
Let d(m) = -m**3 + 24*m**2 + 2*m + 29. Let w be d(24). Suppose 0 = -g - w + 81. List the prime factors of (3 - (1 + g))*(-213)/2.
3, 71
Let i be (-125381)/(-95) + (-2)/(-10). Suppose 0 = g - 7*g + i. Suppose g = -34*x + 36*x. List the prime factors of x.
2, 5, 11
Suppose 0 = -3*p - 5*z + 168121, 27 - 7 = 4*z. List the prime factors of p.
2, 17, 103
Let r = 13 + -4. Let w(l) = -4*l**3 - 12*l**2 + 23*l + 9. Let f(c) = -c**3 + c + 1. Let n(x) = 5*f(x) - w(x). List the prime factors of n(r).
7, 11
Let b = -6 + 22. Let n be 2 + (-234)/(-3) + (14 - 15). Suppose b*f = 17*f - n. List the prime factors of f.
79
Suppose -2*z = 8*z - 55740. Suppose -z = -14*c + 8*c. What are the prime factors of c?
929
Let u(i) = -2*i**2 + 15*i + 5. Let s be u(8). List the prime factors of (-20)/((-4)/(-36)*s).
2, 3, 5
Let x = -1680 - -4245. What are the prime factors of x?
3, 5, 19
Suppose 0 = -2*b + 2*i - 35 - 29, 5*i - 52 = 2*b. List the prime factors of (171/b)/((-1)/88).
2, 11, 19
Let a = -11828 - -19275. What are the prime factors of a?
11, 677
Suppose -4*l + 3*l = 2*h - 10, 5*l - h - 39 = 0. List the prime factors of (-4)/(l/(-66)) + 0.
3, 11
Suppose -183131 - 14241 = -38*c. List the prime factors of c.
2, 7, 53
List the prime factors of (1150 + 19344)/((-11)/(-5) + (-2)/10).
10247
List the prime factors of 0 + (-27)/12 + 2 - 42153/(-4).
2, 11, 479
Let t(m) = 4*m + 65. Let z be t(-14). What are the prime factors of 2*(172 - (-5 + z))?
2, 3, 7
Let b(p) be the second derivative of -p**5/2 + 4*p**3/3 + 3*p**2/2 - 67*p. What are the prime factors of b(-3)?
3, 83
Let n(s) = 3*s + 10. Let a be n(-5). Let x be (12/a)/(6/75). List the prime factors of (x/9)/((-2)/21).
5, 7
Let u(d) = -6*d + 6. Let j be 4/6 - (-2)/((-18)/51). Let w be u(j). Let b = 113 - w. List the prime factors of b.
7, 11
Let y = -42 + 48. Let r(l) = -6*l + 18*l + y - 7*l - 21*l. What are the prime factors of r(-4)?
2, 5, 7
Let d be (-10)/8*(-1 + -3). Suppose 0 = -d*l - 15, 61*a = 66*a + 4*l - 5438. List the prime factors of a.
2, 5, 109
Let s(a) = 2898*a + 5742. What are the prime factors of s(9)?
2, 3, 13, 17
Suppose -2*j - 3*z - 2116 = -6*j, 5*j = 4*z + 2645. Suppose 6*q - j = -73. What are the prime factors of q?
2, 19
Let x be (358 + 1)/(-11 + 12). Let d = x - 226. What are the prime factors of d?
7, 19
Suppose 0 = i + 5*l - 269, -3*i - i = 4*l - 1140. Suppose -3*x = 2*o - 137, -5*x - 41 = -5*o + i. Let r = 168 - o. What are the prime factors of r?
101
Suppose 3*b = -3*r + 42, 4*r + 0*b + 5*b - 58 = 0. Suppose -8*s = -188 + r. List the prime factors of s.
2, 11
Let w be (-1)/5 + 16*2/10. Let c be 143/26 - w/6. Suppose 0 = -3*b + t + 54, -2*b + c*t + 23 = -13. List the prime factors of b.
2, 3
Let q = -19236 - -55520. What are the prime factors of q?
2, 47, 193
Suppose k - 8*b + 5*b = 9, 2*b = k - 7. Suppose 211 - 1204 = -k*n. List the prime factors of n.
331
Suppose 0 = -41*d - 47108 + 302005. What are the prime factors of d?
6217
Let s(r) = 26*r - 134. Let o be s(10). What are the prime factors of (-21400)/(-14) - 9/o*-6?
11, 139
Let w = 2248 - -3515. What are the prime factors of w?
3, 17, 113
Suppose -444*s = -389*s - 344210 - 595850. What are the prime factors of s?
2, 4273
Let n = 27859 + -16800. List the prime factors of n.
11059
Let d(h) = -h**3 + 4*h**2 - 2*h. Let p be d(3). What are the prime factors of ((-1068)/(-24))/(p/6)?
89
Let d = -29 + 29. Let i be (26 - (4 + -2)) + 3 + 3. Suppose -2*v - i = f - 2*f, -3*f - v + 69 = d. What are the prime factors of f?
2, 3
Let u be ((-160)/(-5))/(-8) + 30. Let d(q) be the first derivative of q**4/4 - 9*q**3 + 33*q**2/2 + 6*q - 1. List the prime factors of d(u).
2, 47
Let z = 9784 - -6777. List the prime factors of z.
16561
Let a be 15/10 + (-6)/4. Suppose -4*l + 5*l = a. Suppose 0 = -3*g + y + 387, -2*g - g - 3*y + 399 = l. What are the prime factors of g?
2, 5, 13
Suppose -u - 3*u = -2*z + 4, 1 = z - u. Let m be (z + 24/20)*-10. List the prime factors of (3 - m/(-8))*4.
2, 3
Let s(o) = 371*o**2 - 276*o - 2398. What are the prime factors of s(-9)?
30137
Suppose -3*y + 2460 = j, -2*j + 2594 = 5*y - 2322. Suppose -j = -58*d + 52*d. List the prime factors of d.
2, 3, 17
Let f(y) = -4*y - 40. Let k be f(-12). Suppose 25*w - 2533 = k*w. List the prime factors of w.
149
What are the prime factors of (-282)/235*(-10)/3 - -854*2?
2, 107
Suppose -352160 = -24*s - 38*s. What are t